d by 4.
2
Suppose -q - 2127 = -3*c - 693, -c - q = -478. Suppose -i - 5*o = -107 - 132, -2*i - 4*o + c = 0. What is the remainder when i is divided by 12?
11
Let g be (4/(-10))/(4/(-600)). Suppose -2*w = u - 36, -5*w = -w - 4*u - g. Let d = -232 + 242. Calculate the remainder when w is divided by d.
7
Suppose 0 = 5*x + 4*b - 36, 5*x - 4*b = x. Suppose 30*l = -4*m + 26*l + 148, 4 = -2*l. Calculate the remainder when m is divided by x.
3
Let i(c) = -2*c - 20. Let w be i(-10). Suppose w = -6*p + p. Suppose 3*l + 5*u - 52 = p, 5*l - 6*u - 20 = -u. What is the remainder when 35 is divided by l?
8
Let c(o) = 2*o**3 - 6*o**2 + 7*o - 4. Let a = 1030 - 1018. Calculate the remainder when c(5) is divided by a.
11
Let f(i) = i**3 - 45*i**2 + 90*i - 162. Calculate the remainder when 35 is divided by f(43).
5
What is the remainder when 1 + -1 + 5 + -1 - -154 is divided by 23?
20
Suppose 23 = 3*d + 4*a - 20, -3*d + 3*a = -15. What is the remainder when 519 is divided by d?
6
Let l = 0 - -28. What is the remainder when 9/((-36)/8) + (-260)/(-5) is divided by l?
22
Suppose -s + 24 = s. Let h(v) = s - 21 - v**2 + 7 - 23*v. Calculate the remainder when h(-19) is divided by 15.
14
Let c = -7 - -11. Let j(w) = 7*w - 4. What is the remainder when j(c) is divided by 5?
4
Suppose -24 = -0*j - 3*j. Calculate the remainder when ((-1758)/j + 0)*(-4)/3 is divided by 42.
41
Suppose 0 = -3*t - 4 - 5, 2*x - 127 = t. Let p = 32 + -19. What is the remainder when x is divided by p?
10
Suppose 91 = 2*u - 5*z, 4*u - 3*u + 3*z = 62. What is the remainder when u is divided by 37?
16
Let i(g) = -g**2 + 10*g + 17. Let q be i(11). Suppose q*k - 9*k = -45. What is the remainder when 73 is divided by k?
13
Let y(w) = 410*w**2 + 6*w + 6. What is the remainder when y(-1) is divided by 105?
95
Suppose 4*y - 20 = 4*l, -23 = -5*y + 3*l - 0*l. Suppose -2*r = y*m - 200, r - 210 = -r - 2*m. Calculate the remainder when r is divided by 14.
12
Suppose 5*o - 426 = -4*y + 31, -3*o + 116 = y. What is the remainder when y is divided by 4?
1
Let a(l) = -l**2 - 9*l - 14. Let g be a(-7). Suppose -2*i = -10*t + 5*t + 82, g = 4*t - 2*i - 66. Calculate the remainder when 45 is divided by t.
13
Suppose -2*q = -0*q + 5*a - 3, -2*q + 12 = -4*a. Let b(r) = 7 - 4*r + 6*r + 0*r. Calculate the remainder when b(q) is divided by 8.
7
Calculate the remainder when 8/(-40) - ((-1143)/15 - -5) is divided by 36.
35
Let o be (-2 - 1) + 5 - (-1 - 0). Suppose -17 = -3*h + 4*r, -h - o*r + 10 = -13. Calculate the remainder when 43 is divided by h.
10
Let y(l) = l**2 - 40*l + 7. Calculate the remainder when y(47) is divided by 72.
48
Let l = -1249 + 1263. What is the remainder when 68 is divided by l?
12
Let w(i) = -i**3 + 2*i**2 + 4*i - 3. Let v = -1433 - -1451. Calculate the remainder when v is divided by w(2).
3
Let u(s) = 16*s**2 - 4*s - s**3 - 18*s**2 - 2 + 0*s. Calculate the remainder when 36 is divided by u(-3).
17
Suppose 0 = 5*v - 89 - 16. Let t be (-484)/(-33) + (0 - (-1)/3). Suppose -11*q + t*q - 160 = 0. What is the remainder when q is divided by v?
19
Suppose 4*t + s - 1314 = 0, -s + 6 - 8 = 0. Calculate the remainder when t is divided by 33.
32
Suppose r + 157 = 5*j, 3*j - 7*j = 5*r - 114. What is the remainder when 31 is divided by j?
0
Let j(m) = 8*m**2 - 2*m - 1. Suppose -365*t = -371*t + 630. Calculate the remainder when t is divided by j(2).
24
Let k be 27/(-9) + (8 - -1). Suppose -k*i + 5*i + 4 = 0. What is the remainder when 22 is divided by i?
2
Calculate the remainder when 20007/90 + 3/(-10) is divided by 15.
12
Let o be (382/(-4))/((-8)/16). Let f = -182 + o. Let t = -17 + 42. What is the remainder when t is divided by f?
7
Calculate the remainder when 386 is divided by -10 - (-73)/7 - 72/(-28).
2
Suppose -20 = -3*z - 5*m + 14, -z = 2*m - 13. Calculate the remainder when (-852)/8*(-2)/z is divided by 18.
17
Calculate the remainder when 50 is divided by 990/105*(28/(-6))/(-1).
6
Suppose a - 4*h = 2*a - 638, -2*a + 3*h = -1232. Calculate the remainder when a is divided by 16.
14
Let a = -146 - -149. What is the remainder when 2/a - 42/(-18) is divided by 1?
0
Let b be 8/(-14) + (-30807)/(-147). Suppose b*x = 212*x - 129. Calculate the remainder when x is divided by 11.
10
Let s(z) = z - 10. Let u be s(0). Let t(w) = w + 12. Calculate the remainder when t(u) is divided by 1.
0
Suppose -16 = -3*n - 4. Suppose 0 = f - n*f + 33. What is the remainder when 31 is divided by f?
9
Let w = 8 - -22. Let l = w + -12. What is the remainder when (-6)/(-9)*297/6 is divided by l?
15
Suppose -3*d + 120 = 4*g, -4*d - 5*g + 34 = -125. Calculate the remainder when 65 is divided by d.
29
Let i be (17 - 9)*(-1)/(-2). Suppose -24 - i = -2*w. Let v = w - -12. What is the remainder when v is divided by 10?
6
Suppose -357*g + 147 = -336*g. Let w be (0/(-3))/(1/1). Let p = 25 + w. What is the remainder when p is divided by g?
4
Suppose -316*w - 2364 = -2758 - 8770. Suppose -3*p - 18 = -0*p. What is the remainder when w is divided by 1/2 + (-57)/p?
9
Let h(m) = -m + 13. Suppose 3*o = -3*z + 57, 0 = -z - 2*z - 5*o + 63. Let r = -8 + z. Calculate the remainder when h(-10) is divided by r.
7
Suppose -19 = -t - 2. Suppose 0 = 2*h - t - 1. Suppose 67*l - 71*l + 24 = 0. What is the remainder when h is divided by l?
3
Suppose 3*m - 8 - 54 = -5*v, -5*m + 3*v + 92 = 0. Suppose 2*a + m = s - 0*a, -65 = -3*s + 4*a. Calculate the remainder when s is divided by 7.
6
Suppose 2*i - 4 = j - 5, -3*i + 6 = 0. Suppose -3 - j = -w. Let l = -1 + 29. What is the remainder when l is divided by w?
4
Suppose 3*i - 7 - 32 = 3*n, 3*i - n = 37. Let q(c) = 8*c**2 - 3*c**2 - 2*c + c. What is the remainder when q(-2) is divided by i?
10
Let j be (2 - 0)/((-6)/(-12)). Suppose 149 + 11 = j*y. Suppose 2*c - 36 = -c + 3*a, -3*c + 4*a + y = 0. What is the remainder when 13 is divided by c?
5
What is the remainder when 111 is divided by (3 + 26/(-10))/(6/600)?
31
Suppose -5*c = j - 19, 5*c - 4*j - 13 = 11. Suppose a = c*a - 51. What is the remainder when a is divided by ((-8)/(-10))/(3 + (-43)/15)?
5
Let p(g) = g**2 - 4*g + 8. Let m be p(0). Let b(o) = -o**2 + 5*o - 7. Let h(w) = 1. Let q(t) = -b(t) - 5*h(t). What is the remainder when 75 is divided by q(m)?
23
Suppose -8*g + 21*g = 13. Suppose 3*s + 5*x = 127, x = -2 + g. What is the remainder when 123 is divided by s?
35
Suppose -19*s - 705 = -24*s. Calculate the remainder when s is divided by 13.
11
Let t = -71 + 113. Calculate the remainder when 249 is divided by t.
39
Let t(i) = 2*i**2 - 4*i + 50. What is the remainder when t(6) is divided by 13?
7
Suppose -59*c - 4*c + 4163 - 257 = 0. Let z(p) = 7*p**2. What is the remainder when c is divided by z(-1)?
6
Suppose -3*v + v = 0. Calculate the remainder when 19 is divided by -1 + v/(-2) + (1 - -11).
8
Let d be 8/(-6)*(-174)/4. Suppose 2*l - d + 14 = 0. Suppose -223 = -18*z + 11. Calculate the remainder when l is divided by z.
9
Suppose 0 = 5*t - 278 - 362. Let f be 2/17 - t/(-68). Suppose 0 = 3*d + f*d - 515. Calculate the remainder when d is divided by 26.
25
Let g(c) = -c**3 - 9*c**2 - 13*c - 4. Let u be g(-9). Suppose -u = -3*y + 154. Suppose 0*x - 4*x + 120 = 0. What is the remainder when y is divided by x?
29
Let d be (1 - 5)*-1 + 0. Suppose 37 = 3*q - d*m, 5*q = -m - 0*m + 31. Calculate the remainder when q is divided by 6.
1
Let z(m) = 6*m + 107. What is the remainder when z(-15) is divided by ((-6)/(-9))/(2/27)?
8
Suppose 5*t - 55 = -4*m, -2*t + 19 = -4*m - 31. Calculate the remainder when 539 is divided by t.
14
Let c(i) = -19*i - 2. Calculate the remainder when c(-2) is divided by 1*15 + 12/(-18)*(0 + -6).
17
Let o(v) = v**2 + 4*v + 4. Let w be o(-5). Let b be 18*(0/1 - w). Calculate the remainder when 29 is divided by b/(-10) + 9/(-45).
13
Suppose -5*p = 3*j - 431, 0*j - j - 3*p = -145. Suppose 3 = 5*d - j. What is the remainder when d is divided by (-37)/(-5) - 3/(-5)?
5
Let r(y) = y**3 + 5*y**2 - 2*y - 8. Let p be r(-4). Let v = p + -8. Calculate the remainder when 15 is divided by v.
7
Let p(r) = 5*r**2 - 10*r + 7. Let o be p(11). Suppose -143 = -5*j + o. What is the remainder when j is divided by -6*(-3 + (-28)/21)?
25
Suppose -30 + 36 = 3*l. Let g be 0/l - 2 - 5. Let k = 11 - g. What is the remainder when 69 is divided by k?
15
Let p(v) = -5*v